{"id":13089,"date":"2021-03-18T01:48:04","date_gmt":"2021-03-18T06:48:04","guid":{"rendered":"http:\/\/flower-shop.cmsmasters.net\/?post_type=product&#038;p=13089"},"modified":"2026-01-28T18:43:55","modified_gmt":"2026-01-28T23:43:55","slug":"pink-dream","status":"publish","type":"product","link":"https:\/\/floristeriasantalucia.com\/index.php\/product\/pink-dream\/","title":{"rendered":"Sue\u00f1o Panda"},"content":{"rendered":"<div id=\"cmsmasters_row_3acaed9cf9\" class=\"cmsmasters_row cmsmasters_color_scheme_default cmsmasters_row_top_default cmsmasters_row_bot_default cmsmasters_row_boxed\">\n<div class=\"cmsmasters_row_outer_parent\">\n<div class=\"cmsmasters_row_outer\">\n<div class=\"cmsmasters_row_inner\">\n<div class=\"cmsmasters_row_margin\">\n<div id=\"cmsmasters_column_cea9e02a87\" class=\"cmsmasters_column one_first\">\n<div class=\"cmsmasters_column_inner\"><div class=\"cmsmasters_text\">\n<p>Maecenas iaculis mauris lacus, nec bibendum tellus maximus non. Proin eget dictum eros, sed viverra diam. Praesent eu rhoncus eros. In hac habitasse platea dictumst. Curabitur sagittis tristique odio eget pharetra. Aenean cursus congue est non dignissim. Ut mattis augue eu purus tristique, vitae fermentum libero sagittis. Etiam euismod magna neque, suscipit lobortis augue porta non. Interdum et malesuada fames ac ante ipsum primis in faucibus. Quisque id ullamcorper ex. Etiam vestibulum felis at leo sodales aliquam. Donec risus nisi, ornare ut nisi non, vulputate dapibus turpis. Vestibulum non rhoncus lacus.<\/p>\n<p>Proin id nisl semper, elementum lacus vel, egestas nunc. Praesent id libero lacinia, tincidunt sapien et, ullamcorper mi. Aliquam auctor luctus ex eget tincidunt. Donec maximus bibendum lorem eget cursus. Suspendisse vulputate fringilla metus eget maximus. Integer consequat arcu dolor, mollis mollis tellus auctor a. Etiam in quam lacus. Donec odio turpis, venenatis mollis bibendum quis, sodales vitae nisi. Cras nec nisi elementum felis vulputate rutrum.<\/p>\n<\/div>\n<\/div><\/div>\n<\/div>\n<\/div>\n<\/div>\n<\/div>\n<\/div>\n\n","protected":false},"excerpt":{"rendered":"","protected":false},"featured_media":13970,"comment_status":"open","ping_status":"closed","template":"","meta":[],"product_brand":[],"product_cat":[124,74,75],"product_tag":[49],"class_list":{"0":"post-13089","1":"product","2":"type-product","3":"status-publish","4":"has-post-thumbnail","6":"product_cat-amor-y-amistad","7":"product_cat-cumpleanos","8":"product_cat-sociales","9":"product_tag-roses","11":"first","12":"instock","13":"purchasable","14":"product-type-simple"},"yoast_head":"<!-- This site is optimized with the Yoast SEO plugin v26.8 - https:\/\/yoast.com\/product\/yoast-seo-wordpress\/ -->\n<title>Sue\u00f1o Panda - Florister\u00eda Santa Luc\u00eda<\/title>\n<meta name=\"robots\" content=\"index, follow, max-snippet:-1, max-image-preview:large, max-video-preview:-1\" \/>\n<link rel=\"canonical\" href=\"https:\/\/floristeriasantalucia.com\/index.php\/product\/pink-dream\/\" \/>\n<meta property=\"og:locale\" content=\"en_US\" \/>\n<meta property=\"og:type\" content=\"article\" \/>\n<meta property=\"og:title\" content=\"Sue\u00f1o Panda - Florister\u00eda Santa Luc\u00eda\" \/>\n<meta property=\"og:url\" content=\"https:\/\/floristeriasantalucia.com\/index.php\/product\/pink-dream\/\" \/>\n<meta property=\"og:site_name\" content=\"Florister\u00eda Santa Luc\u00eda\" \/>\n<meta property=\"article:modified_time\" content=\"2026-01-28T23:43:55+00:00\" \/>\n<meta property=\"og:image\" content=\"https:\/\/floristeriasantalucia.com\/wp-content\/uploads\/2017\/05\/panda.jpg\" \/>\n\t<meta property=\"og:image:width\" content=\"550\" \/>\n\t<meta property=\"og:image:height\" content=\"550\" \/>\n\t<meta property=\"og:image:type\" content=\"image\/jpeg\" \/>\n<meta name=\"twitter:card\" content=\"summary_large_image\" \/>\n<meta name=\"twitter:label1\" content=\"Est. reading time\" \/>\n\t<meta name=\"twitter:data1\" content=\"1 minute\" \/>\n<script type=\"application\/ld+json\" class=\"yoast-schema-graph\">{\"@context\":\"https:\/\/schema.org\",\"@graph\":[{\"@type\":\"WebPage\",\"@id\":\"https:\/\/floristeriasantalucia.com\/index.php\/product\/pink-dream\/\",\"url\":\"https:\/\/floristeriasantalucia.com\/index.php\/product\/pink-dream\/\",\"name\":\"Sue\u00f1o Panda - Florister\u00eda Santa Luc\u00eda\",\"isPartOf\":{\"@id\":\"https:\/\/floristeriasantalucia.com\/#website\"},\"primaryImageOfPage\":{\"@id\":\"https:\/\/floristeriasantalucia.com\/index.php\/product\/pink-dream\/#primaryimage\"},\"image\":{\"@id\":\"https:\/\/floristeriasantalucia.com\/index.php\/product\/pink-dream\/#primaryimage\"},\"thumbnailUrl\":\"https:\/\/floristeriasantalucia.com\/wp-content\/uploads\/2017\/05\/panda.jpg\",\"datePublished\":\"2021-03-18T06:48:04+00:00\",\"dateModified\":\"2026-01-28T23:43:55+00:00\",\"breadcrumb\":{\"@id\":\"https:\/\/floristeriasantalucia.com\/index.php\/product\/pink-dream\/#breadcrumb\"},\"inLanguage\":\"en-US\",\"potentialAction\":[{\"@type\":\"ReadAction\",\"target\":[\"https:\/\/floristeriasantalucia.com\/index.php\/product\/pink-dream\/\"]}]},{\"@type\":\"ImageObject\",\"inLanguage\":\"en-US\",\"@id\":\"https:\/\/floristeriasantalucia.com\/index.php\/product\/pink-dream\/#primaryimage\",\"url\":\"https:\/\/floristeriasantalucia.com\/wp-content\/uploads\/2017\/05\/panda.jpg\",\"contentUrl\":\"https:\/\/floristeriasantalucia.com\/wp-content\/uploads\/2017\/05\/panda.jpg\",\"width\":550,\"height\":550},{\"@type\":\"BreadcrumbList\",\"@id\":\"https:\/\/floristeriasantalucia.com\/index.php\/product\/pink-dream\/#breadcrumb\",\"itemListElement\":[{\"@type\":\"ListItem\",\"position\":1,\"name\":\"Home\",\"item\":\"https:\/\/floristeriasantalucia.com\/\"},{\"@type\":\"ListItem\",\"position\":2,\"name\":\"Tienda Virtual\",\"item\":\"https:\/\/floristeriasantalucia.com\/index.php\/shop\/\"},{\"@type\":\"ListItem\",\"position\":3,\"name\":\"Sue\u00f1o Panda\"}]},{\"@type\":\"WebSite\",\"@id\":\"https:\/\/floristeriasantalucia.com\/#website\",\"url\":\"https:\/\/floristeriasantalucia.com\/\",\"name\":\"Florister\u00eda Santa Luc\u00eda\",\"description\":\"Tus sentimientos expr\u00e9salos con flores\",\"publisher\":{\"@id\":\"https:\/\/floristeriasantalucia.com\/#organization\"},\"potentialAction\":[{\"@type\":\"SearchAction\",\"target\":{\"@type\":\"EntryPoint\",\"urlTemplate\":\"https:\/\/floristeriasantalucia.com\/?s={search_term_string}\"},\"query-input\":{\"@type\":\"PropertyValueSpecification\",\"valueRequired\":true,\"valueName\":\"search_term_string\"}}],\"inLanguage\":\"en-US\"},{\"@type\":\"Organization\",\"@id\":\"https:\/\/floristeriasantalucia.com\/#organization\",\"name\":\"Florister\u00eda Santa Luc\u00eda\",\"url\":\"https:\/\/floristeriasantalucia.com\/\",\"logo\":{\"@type\":\"ImageObject\",\"inLanguage\":\"en-US\",\"@id\":\"https:\/\/floristeriasantalucia.com\/#\/schema\/logo\/image\/\",\"url\":\"https:\/\/floristeriasantalucia.com\/wp-content\/uploads\/2021\/03\/logo_santalucia-06.png\",\"contentUrl\":\"https:\/\/floristeriasantalucia.com\/wp-content\/uploads\/2021\/03\/logo_santalucia-06.png\",\"width\":310,\"height\":133,\"caption\":\"Florister\u00eda Santa Luc\u00eda\"},\"image\":{\"@id\":\"https:\/\/floristeriasantalucia.com\/#\/schema\/logo\/image\/\"}}]}<\/script>\n<!-- \/ Yoast SEO plugin. -->","yoast_head_json":{"title":"Sue\u00f1o Panda - Florister\u00eda Santa Luc\u00eda","robots":{"index":"index","follow":"follow","max-snippet":"max-snippet:-1","max-image-preview":"max-image-preview:large","max-video-preview":"max-video-preview:-1"},"canonical":"https:\/\/floristeriasantalucia.com\/index.php\/product\/pink-dream\/","og_locale":"en_US","og_type":"article","og_title":"Sue\u00f1o Panda - Florister\u00eda Santa Luc\u00eda","og_url":"https:\/\/floristeriasantalucia.com\/index.php\/product\/pink-dream\/","og_site_name":"Florister\u00eda Santa Luc\u00eda","article_modified_time":"2026-01-28T23:43:55+00:00","og_image":[{"width":550,"height":550,"url":"https:\/\/floristeriasantalucia.com\/wp-content\/uploads\/2017\/05\/panda.jpg","type":"image\/jpeg"}],"twitter_card":"summary_large_image","twitter_misc":{"Est. reading time":"1 minute"},"schema":{"@context":"https:\/\/schema.org","@graph":[{"@type":"WebPage","@id":"https:\/\/floristeriasantalucia.com\/index.php\/product\/pink-dream\/","url":"https:\/\/floristeriasantalucia.com\/index.php\/product\/pink-dream\/","name":"Sue\u00f1o Panda - Florister\u00eda Santa Luc\u00eda","isPartOf":{"@id":"https:\/\/floristeriasantalucia.com\/#website"},"primaryImageOfPage":{"@id":"https:\/\/floristeriasantalucia.com\/index.php\/product\/pink-dream\/#primaryimage"},"image":{"@id":"https:\/\/floristeriasantalucia.com\/index.php\/product\/pink-dream\/#primaryimage"},"thumbnailUrl":"https:\/\/floristeriasantalucia.com\/wp-content\/uploads\/2017\/05\/panda.jpg","datePublished":"2021-03-18T06:48:04+00:00","dateModified":"2026-01-28T23:43:55+00:00","breadcrumb":{"@id":"https:\/\/floristeriasantalucia.com\/index.php\/product\/pink-dream\/#breadcrumb"},"inLanguage":"en-US","potentialAction":[{"@type":"ReadAction","target":["https:\/\/floristeriasantalucia.com\/index.php\/product\/pink-dream\/"]}]},{"@type":"ImageObject","inLanguage":"en-US","@id":"https:\/\/floristeriasantalucia.com\/index.php\/product\/pink-dream\/#primaryimage","url":"https:\/\/floristeriasantalucia.com\/wp-content\/uploads\/2017\/05\/panda.jpg","contentUrl":"https:\/\/floristeriasantalucia.com\/wp-content\/uploads\/2017\/05\/panda.jpg","width":550,"height":550},{"@type":"BreadcrumbList","@id":"https:\/\/floristeriasantalucia.com\/index.php\/product\/pink-dream\/#breadcrumb","itemListElement":[{"@type":"ListItem","position":1,"name":"Home","item":"https:\/\/floristeriasantalucia.com\/"},{"@type":"ListItem","position":2,"name":"Tienda Virtual","item":"https:\/\/floristeriasantalucia.com\/index.php\/shop\/"},{"@type":"ListItem","position":3,"name":"Sue\u00f1o Panda"}]},{"@type":"WebSite","@id":"https:\/\/floristeriasantalucia.com\/#website","url":"https:\/\/floristeriasantalucia.com\/","name":"Florister\u00eda Santa Luc\u00eda","description":"Tus sentimientos expr\u00e9salos con flores","publisher":{"@id":"https:\/\/floristeriasantalucia.com\/#organization"},"potentialAction":[{"@type":"SearchAction","target":{"@type":"EntryPoint","urlTemplate":"https:\/\/floristeriasantalucia.com\/?s={search_term_string}"},"query-input":{"@type":"PropertyValueSpecification","valueRequired":true,"valueName":"search_term_string"}}],"inLanguage":"en-US"},{"@type":"Organization","@id":"https:\/\/floristeriasantalucia.com\/#organization","name":"Florister\u00eda Santa Luc\u00eda","url":"https:\/\/floristeriasantalucia.com\/","logo":{"@type":"ImageObject","inLanguage":"en-US","@id":"https:\/\/floristeriasantalucia.com\/#\/schema\/logo\/image\/","url":"https:\/\/floristeriasantalucia.com\/wp-content\/uploads\/2021\/03\/logo_santalucia-06.png","contentUrl":"https:\/\/floristeriasantalucia.com\/wp-content\/uploads\/2021\/03\/logo_santalucia-06.png","width":310,"height":133,"caption":"Florister\u00eda Santa Luc\u00eda"},"image":{"@id":"https:\/\/floristeriasantalucia.com\/#\/schema\/logo\/image\/"}}]}},"_links":{"self":[{"href":"https:\/\/floristeriasantalucia.com\/index.php\/wp-json\/wp\/v2\/product\/13089","targetHints":{"allow":["GET"]}}],"collection":[{"href":"https:\/\/floristeriasantalucia.com\/index.php\/wp-json\/wp\/v2\/product"}],"about":[{"href":"https:\/\/floristeriasantalucia.com\/index.php\/wp-json\/wp\/v2\/types\/product"}],"replies":[{"embeddable":true,"href":"https:\/\/floristeriasantalucia.com\/index.php\/wp-json\/wp\/v2\/comments?post=13089"}],"wp:featuredmedia":[{"embeddable":true,"href":"https:\/\/floristeriasantalucia.com\/index.php\/wp-json\/wp\/v2\/media\/13970"}],"wp:attachment":[{"href":"https:\/\/floristeriasantalucia.com\/index.php\/wp-json\/wp\/v2\/media?parent=13089"}],"wp:term":[{"taxonomy":"product_brand","embeddable":true,"href":"https:\/\/floristeriasantalucia.com\/index.php\/wp-json\/wp\/v2\/product_brand?post=13089"},{"taxonomy":"product_cat","embeddable":true,"href":"https:\/\/floristeriasantalucia.com\/index.php\/wp-json\/wp\/v2\/product_cat?post=13089"},{"taxonomy":"product_tag","embeddable":true,"href":"https:\/\/floristeriasantalucia.com\/index.php\/wp-json\/wp\/v2\/product_tag?post=13089"}],"curies":[{"name":"wp","href":"https:\/\/api.w.org\/{rel}","templated":true}]}}