{"id":13083,"date":"2021-03-18T01:09:17","date_gmt":"2021-03-18T06:09:17","guid":{"rendered":"http:\/\/flower-shop.cmsmasters.net\/?post_type=product&#038;p=13083"},"modified":"2025-09-24T17:43:54","modified_gmt":"2025-09-24T22:43:54","slug":"blossoming-romance","status":"publish","type":"product","link":"https:\/\/floristeriasantalucia.com\/index.php\/product\/blossoming-romance\/","title":{"rendered":"Dulce Oso"},"content":{"rendered":"<div id=\"cmsmasters_row_e046a984eb\" class=\"cmsmasters_row cmsmasters_color_scheme_default cmsmasters_row_top_default cmsmasters_row_bot_default cmsmasters_row_boxed\">\n<div class=\"cmsmasters_row_outer_parent\">\n<div class=\"cmsmasters_row_outer\">\n<div class=\"cmsmasters_row_inner\">\n<div class=\"cmsmasters_row_margin\">\n<div id=\"cmsmasters_column_33feeb4d81\" class=\"cmsmasters_column one_first\">\n<div class=\"cmsmasters_column_inner\"><div class=\"cmsmasters_text\">\n<p>Proin ut urna eget tortor scelerisque porttitor. Donec at justo tellus. Integer maximus erat justo, a accumsan leo iaculis nec. Maecenas tempor, ex sed tempor vulputate, elit mauris vulputate odio, sed cursus diam dolor ut libero. Quisque vel lobortis turpis. Aenean leo quam, varius a fermentum et, venenatis eu lacus. Vestibulum facilisis elit in tincidunt vehicula. Morbi sit amet molestie nibh, id convallis nisl. Ut vel nunc sit amet lorem venenatis consectetur. Vestibulum ante ipsum primis in faucibus orci luctus et ultrices posuere cubilia Curae; Mauris egestas dui vitae dolor feugiat accumsan. Aliquam accumsan quam ac bibendum cursus. Fusce et nisl id neque auctor ullamcorper in a tellus. Fusce non erat vitae purus tempor pretium.<\/p>\n<\/div>\n<\/div><\/div>\n<\/div>\n<\/div>\n<\/div>\n<\/div>\n<\/div>\n\n","protected":false},"excerpt":{"rendered":"","protected":false},"featured_media":13968,"comment_status":"open","ping_status":"closed","template":"","meta":[],"product_brand":[],"product_cat":[124,74,75],"product_tag":[37],"class_list":{"0":"post-13083","1":"product","2":"type-product","3":"status-publish","4":"has-post-thumbnail","6":"product_cat-amor-y-amistad","7":"product_cat-cumpleanos","8":"product_cat-sociales","9":"product_tag-bouquets","11":"first","12":"instock","13":"purchasable","14":"product-type-simple"},"yoast_head":"<!-- This site is optimized with the Yoast SEO plugin v26.8 - https:\/\/yoast.com\/product\/yoast-seo-wordpress\/ -->\n<title>Dulce Oso - Florister\u00eda Santa Luc\u00eda<\/title>\n<meta name=\"robots\" content=\"index, follow, max-snippet:-1, max-image-preview:large, max-video-preview:-1\" \/>\n<link rel=\"canonical\" href=\"https:\/\/floristeriasantalucia.com\/index.php\/product\/blossoming-romance\/\" \/>\n<meta property=\"og:locale\" content=\"en_US\" \/>\n<meta property=\"og:type\" content=\"article\" \/>\n<meta property=\"og:title\" content=\"Dulce Oso - Florister\u00eda Santa Luc\u00eda\" \/>\n<meta property=\"og:url\" content=\"https:\/\/floristeriasantalucia.com\/index.php\/product\/blossoming-romance\/\" \/>\n<meta property=\"og:site_name\" content=\"Florister\u00eda Santa Luc\u00eda\" \/>\n<meta property=\"article:modified_time\" content=\"2025-09-24T22:43:54+00:00\" \/>\n<meta property=\"og:image\" content=\"https:\/\/floristeriasantalucia.com\/wp-content\/uploads\/2017\/05\/globooso.jpg\" \/>\n\t<meta property=\"og:image:width\" content=\"550\" \/>\n\t<meta property=\"og:image:height\" content=\"550\" \/>\n\t<meta property=\"og:image:type\" content=\"image\/jpeg\" \/>\n<meta name=\"twitter:card\" content=\"summary_large_image\" \/>\n<meta name=\"twitter:label1\" content=\"Est. reading time\" \/>\n\t<meta name=\"twitter:data1\" content=\"1 minute\" \/>\n<script type=\"application\/ld+json\" class=\"yoast-schema-graph\">{\"@context\":\"https:\/\/schema.org\",\"@graph\":[{\"@type\":\"WebPage\",\"@id\":\"https:\/\/floristeriasantalucia.com\/index.php\/product\/blossoming-romance\/\",\"url\":\"https:\/\/floristeriasantalucia.com\/index.php\/product\/blossoming-romance\/\",\"name\":\"Dulce Oso - Florister\u00eda Santa Luc\u00eda\",\"isPartOf\":{\"@id\":\"https:\/\/floristeriasantalucia.com\/#website\"},\"primaryImageOfPage\":{\"@id\":\"https:\/\/floristeriasantalucia.com\/index.php\/product\/blossoming-romance\/#primaryimage\"},\"image\":{\"@id\":\"https:\/\/floristeriasantalucia.com\/index.php\/product\/blossoming-romance\/#primaryimage\"},\"thumbnailUrl\":\"https:\/\/floristeriasantalucia.com\/wp-content\/uploads\/2017\/05\/globooso.jpg\",\"datePublished\":\"2021-03-18T06:09:17+00:00\",\"dateModified\":\"2025-09-24T22:43:54+00:00\",\"breadcrumb\":{\"@id\":\"https:\/\/floristeriasantalucia.com\/index.php\/product\/blossoming-romance\/#breadcrumb\"},\"inLanguage\":\"en-US\",\"potentialAction\":[{\"@type\":\"ReadAction\",\"target\":[\"https:\/\/floristeriasantalucia.com\/index.php\/product\/blossoming-romance\/\"]}]},{\"@type\":\"ImageObject\",\"inLanguage\":\"en-US\",\"@id\":\"https:\/\/floristeriasantalucia.com\/index.php\/product\/blossoming-romance\/#primaryimage\",\"url\":\"https:\/\/floristeriasantalucia.com\/wp-content\/uploads\/2017\/05\/globooso.jpg\",\"contentUrl\":\"https:\/\/floristeriasantalucia.com\/wp-content\/uploads\/2017\/05\/globooso.jpg\",\"width\":550,\"height\":550},{\"@type\":\"BreadcrumbList\",\"@id\":\"https:\/\/floristeriasantalucia.com\/index.php\/product\/blossoming-romance\/#breadcrumb\",\"itemListElement\":[{\"@type\":\"ListItem\",\"position\":1,\"name\":\"Home\",\"item\":\"https:\/\/floristeriasantalucia.com\/\"},{\"@type\":\"ListItem\",\"position\":2,\"name\":\"Tienda Virtual\",\"item\":\"https:\/\/floristeriasantalucia.com\/index.php\/shop\/\"},{\"@type\":\"ListItem\",\"position\":3,\"name\":\"Dulce Oso\"}]},{\"@type\":\"WebSite\",\"@id\":\"https:\/\/floristeriasantalucia.com\/#website\",\"url\":\"https:\/\/floristeriasantalucia.com\/\",\"name\":\"Florister\u00eda Santa Luc\u00eda\",\"description\":\"Tus sentimientos expr\u00e9salos con flores\",\"publisher\":{\"@id\":\"https:\/\/floristeriasantalucia.com\/#organization\"},\"potentialAction\":[{\"@type\":\"SearchAction\",\"target\":{\"@type\":\"EntryPoint\",\"urlTemplate\":\"https:\/\/floristeriasantalucia.com\/?s={search_term_string}\"},\"query-input\":{\"@type\":\"PropertyValueSpecification\",\"valueRequired\":true,\"valueName\":\"search_term_string\"}}],\"inLanguage\":\"en-US\"},{\"@type\":\"Organization\",\"@id\":\"https:\/\/floristeriasantalucia.com\/#organization\",\"name\":\"Florister\u00eda Santa Luc\u00eda\",\"url\":\"https:\/\/floristeriasantalucia.com\/\",\"logo\":{\"@type\":\"ImageObject\",\"inLanguage\":\"en-US\",\"@id\":\"https:\/\/floristeriasantalucia.com\/#\/schema\/logo\/image\/\",\"url\":\"https:\/\/floristeriasantalucia.com\/wp-content\/uploads\/2021\/03\/logo_santalucia-06.png\",\"contentUrl\":\"https:\/\/floristeriasantalucia.com\/wp-content\/uploads\/2021\/03\/logo_santalucia-06.png\",\"width\":310,\"height\":133,\"caption\":\"Florister\u00eda Santa Luc\u00eda\"},\"image\":{\"@id\":\"https:\/\/floristeriasantalucia.com\/#\/schema\/logo\/image\/\"}}]}<\/script>\n<!-- \/ Yoast SEO plugin. -->","yoast_head_json":{"title":"Dulce Oso - Florister\u00eda Santa Luc\u00eda","robots":{"index":"index","follow":"follow","max-snippet":"max-snippet:-1","max-image-preview":"max-image-preview:large","max-video-preview":"max-video-preview:-1"},"canonical":"https:\/\/floristeriasantalucia.com\/index.php\/product\/blossoming-romance\/","og_locale":"en_US","og_type":"article","og_title":"Dulce Oso - Florister\u00eda Santa Luc\u00eda","og_url":"https:\/\/floristeriasantalucia.com\/index.php\/product\/blossoming-romance\/","og_site_name":"Florister\u00eda Santa Luc\u00eda","article_modified_time":"2025-09-24T22:43:54+00:00","og_image":[{"width":550,"height":550,"url":"https:\/\/floristeriasantalucia.com\/wp-content\/uploads\/2017\/05\/globooso.jpg","type":"image\/jpeg"}],"twitter_card":"summary_large_image","twitter_misc":{"Est. reading time":"1 minute"},"schema":{"@context":"https:\/\/schema.org","@graph":[{"@type":"WebPage","@id":"https:\/\/floristeriasantalucia.com\/index.php\/product\/blossoming-romance\/","url":"https:\/\/floristeriasantalucia.com\/index.php\/product\/blossoming-romance\/","name":"Dulce Oso - Florister\u00eda Santa Luc\u00eda","isPartOf":{"@id":"https:\/\/floristeriasantalucia.com\/#website"},"primaryImageOfPage":{"@id":"https:\/\/floristeriasantalucia.com\/index.php\/product\/blossoming-romance\/#primaryimage"},"image":{"@id":"https:\/\/floristeriasantalucia.com\/index.php\/product\/blossoming-romance\/#primaryimage"},"thumbnailUrl":"https:\/\/floristeriasantalucia.com\/wp-content\/uploads\/2017\/05\/globooso.jpg","datePublished":"2021-03-18T06:09:17+00:00","dateModified":"2025-09-24T22:43:54+00:00","breadcrumb":{"@id":"https:\/\/floristeriasantalucia.com\/index.php\/product\/blossoming-romance\/#breadcrumb"},"inLanguage":"en-US","potentialAction":[{"@type":"ReadAction","target":["https:\/\/floristeriasantalucia.com\/index.php\/product\/blossoming-romance\/"]}]},{"@type":"ImageObject","inLanguage":"en-US","@id":"https:\/\/floristeriasantalucia.com\/index.php\/product\/blossoming-romance\/#primaryimage","url":"https:\/\/floristeriasantalucia.com\/wp-content\/uploads\/2017\/05\/globooso.jpg","contentUrl":"https:\/\/floristeriasantalucia.com\/wp-content\/uploads\/2017\/05\/globooso.jpg","width":550,"height":550},{"@type":"BreadcrumbList","@id":"https:\/\/floristeriasantalucia.com\/index.php\/product\/blossoming-romance\/#breadcrumb","itemListElement":[{"@type":"ListItem","position":1,"name":"Home","item":"https:\/\/floristeriasantalucia.com\/"},{"@type":"ListItem","position":2,"name":"Tienda Virtual","item":"https:\/\/floristeriasantalucia.com\/index.php\/shop\/"},{"@type":"ListItem","position":3,"name":"Dulce Oso"}]},{"@type":"WebSite","@id":"https:\/\/floristeriasantalucia.com\/#website","url":"https:\/\/floristeriasantalucia.com\/","name":"Florister\u00eda Santa Luc\u00eda","description":"Tus sentimientos expr\u00e9salos con flores","publisher":{"@id":"https:\/\/floristeriasantalucia.com\/#organization"},"potentialAction":[{"@type":"SearchAction","target":{"@type":"EntryPoint","urlTemplate":"https:\/\/floristeriasantalucia.com\/?s={search_term_string}"},"query-input":{"@type":"PropertyValueSpecification","valueRequired":true,"valueName":"search_term_string"}}],"inLanguage":"en-US"},{"@type":"Organization","@id":"https:\/\/floristeriasantalucia.com\/#organization","name":"Florister\u00eda Santa Luc\u00eda","url":"https:\/\/floristeriasantalucia.com\/","logo":{"@type":"ImageObject","inLanguage":"en-US","@id":"https:\/\/floristeriasantalucia.com\/#\/schema\/logo\/image\/","url":"https:\/\/floristeriasantalucia.com\/wp-content\/uploads\/2021\/03\/logo_santalucia-06.png","contentUrl":"https:\/\/floristeriasantalucia.com\/wp-content\/uploads\/2021\/03\/logo_santalucia-06.png","width":310,"height":133,"caption":"Florister\u00eda Santa Luc\u00eda"},"image":{"@id":"https:\/\/floristeriasantalucia.com\/#\/schema\/logo\/image\/"}}]}},"_links":{"self":[{"href":"https:\/\/floristeriasantalucia.com\/index.php\/wp-json\/wp\/v2\/product\/13083","targetHints":{"allow":["GET"]}}],"collection":[{"href":"https:\/\/floristeriasantalucia.com\/index.php\/wp-json\/wp\/v2\/product"}],"about":[{"href":"https:\/\/floristeriasantalucia.com\/index.php\/wp-json\/wp\/v2\/types\/product"}],"replies":[{"embeddable":true,"href":"https:\/\/floristeriasantalucia.com\/index.php\/wp-json\/wp\/v2\/comments?post=13083"}],"wp:featuredmedia":[{"embeddable":true,"href":"https:\/\/floristeriasantalucia.com\/index.php\/wp-json\/wp\/v2\/media\/13968"}],"wp:attachment":[{"href":"https:\/\/floristeriasantalucia.com\/index.php\/wp-json\/wp\/v2\/media?parent=13083"}],"wp:term":[{"taxonomy":"product_brand","embeddable":true,"href":"https:\/\/floristeriasantalucia.com\/index.php\/wp-json\/wp\/v2\/product_brand?post=13083"},{"taxonomy":"product_cat","embeddable":true,"href":"https:\/\/floristeriasantalucia.com\/index.php\/wp-json\/wp\/v2\/product_cat?post=13083"},{"taxonomy":"product_tag","embeddable":true,"href":"https:\/\/floristeriasantalucia.com\/index.php\/wp-json\/wp\/v2\/product_tag?post=13083"}],"curies":[{"name":"wp","href":"https:\/\/api.w.org\/{rel}","templated":true}]}}